 Let l be o(-11). Suppose -23 = -3*u + x, 5*x - l = -4*u + 9. What is the units digit of u?
7
Let y(g) = 2*g**2 - g - 1. What is the tens digit of y(5)?
4
Suppose 4*o - 4*a = -8, -4*o - a - 1 = -3. Suppose -3*z + o*z - 29 = -2*c, c = -2*z + 4. What is the tens digit of c?
1
Let u = -4 + 4. Suppose u = 2*x + 2*x. What is the units digit of (7 + x - 3)*1?
4
Let v(d) = 3*d. Let g(u) = -u + 5. Let r = 5 + -1. Let x be g(r). What is the units digit of v(x)?
3
Suppose -3*w - 3*n + 73 = n, 4*w = 4*n + 88. What is the tens digit of w?
2
Let g be (-15)/10*(-92)/3. Let s = g + -28. Let v = -11 + s. What is the units digit of v?
7
What is the tens digit of 3*(160/3 + -2)?
5
Let h = 8 - 5. Let f = h + 4. What is the units digit of f?
7
Suppose 5*i + f - 273 - 47 = 0, i + 5*f - 40 = 0. What is the units digit of i?
5
Let i = -1 - -21. Suppose -2*g + 7*g = i. Suppose -27 = -3*a + 4*k, -36 = -g*a + k - 0*k. What is the units digit of a?
9
Suppose 11*w = 15*w - 224. What is the units digit of w?
6
Let y = 18 - -54. What is the tens digit of y?
7
What is the units digit of (-9 - -1)/(1/(-8))?
4
Let p(j) = -6*j**3 + 2*j**2 + 2*j + 1. Let y(w) = -w**3 + 6*w**2 - 4*w - 6. Let z be y(5). What is the units digit of p(z)?
7
Let y(m) = 5*m**3 - m + 1. Let r be y(1). Suppose 27 - 4 = 3*c - r*v, -4*c + 24 = -5*v. Let h = c - -14. What is the units digit of h?
5
Let v be (8 + -5)*2/3. What is the units digit of 4/2 - (-1 + v)?
1
Suppose 3*n + 37 = 1. Let f = -3 - n. What is the units digit of f?
9
Suppose -3*f = -2*f - 6. What is the units digit of f + -7 + (14 - -1)?
4
Let j(o) = o**2 - 4*o + 4. Let w be j(4). Let m(u) = 4*u - 1. Let c be m(1). Let y = w - c. What is the units digit of y?
1
Suppose -3*d = -4*d + 33. What is the units digit of d?
3
Let r(v) = 7*v**3 + 2*v**2 - 2*v + 1. What is the units digit of r(1)?
8
Let u be (3/(-4))/((-1)/4). Suppose 0 = 2*t - 4, 0 = 2*r - u*t - 0 + 2. Suppose 0 = -r*c + 14 - 4. What is the units digit of c?
5
What is the hundreds digit of (242 - ((-20)/4 + 3))/2?
1
Let b = -16 + 43. Suppose 4*y = -3 + 19. Suppose -y*h + 33 = f - 3, f = -3*h + b. What is the units digit of h?
9
Let q be 8/60 - (-6146)/30. Suppose -q = w - 6*w. What is the tens digit of w?
4
Suppose -g = -4*g. Suppose 0 = 4*u + x - 56, g = 4*u - 3*x + 2*x - 56. What is the tens digit of u?
1
Suppose 0 = -2*d + 7 + 1. Let z(n) = 5*n + 4. What is the units digit of z(d)?
4
Let x = -34 + 111. What is the units digit of x?
7
Let d be (-2)/((-4 + 2)*-1). What is the units digit of 2/((1/(-4))/d)?
8
Let u(l) = l**2 + 5*l + 2. Let m be u(-5). Let o be m/4 + (-7)/(-2). Suppose -o*y = -48 - 0. What is the tens digit of y?
1
Let r(x) = -3*x**2 + 3*x - 1. Let a be r(2). Suppose 3*o = -3*l - 2*l, 3 = l. Let k = o - a. What is the units digit of k?
2
Let f(a) = -a**2 + a - 5. Let z be f(0). Let h be (-2)/3*3/2. Let g = h - z. What is the units digit of g?
4
Suppose -20 + 91 = 4*r + 3*i, 2*r + i - 33 = 0. What is the units digit of r?
4
Let q be (56/1)/(-2)*1. Let n = -18 - q. What is the units digit of n?
0
Let h(a) = -a**3 - 2*a**2 + a + 1. Suppose 3*b - 4 = 4*l, 5*l + 4*b + 40 = -b. What is the tens digit of h(l)?
2
Let g(u) = -u**3 + 2*u**2 + 0*u**3 + 3 - 1. What is the tens digit of g(-2)?
1
Suppose 0 = -2*s - 0*s + 92. Let t = s + -15. What is the units digit of t?
1
Let x be 34/8 - (-1)/(-4). Let v(z) = -z + 5. Let d be v(x). Let f(k) = 7*k. What is the units digit of f(d)?
7
Suppose c - 72 = -w, -c = 2*c - 12. What is the units digit of w?
8
Let k be (-5 - -25)*13/4. Let a = -37 + k. What is the tens digit of a?
2
Let x = -16 + 22. Let m = x - -3. Suppose -4*r + 45 = m. What is the units digit of r?
9
Let q(s) = -27*s - 17. What is the units digit of q(-8)?
9
Suppose 0 = y - 2*y + 3. Suppose c - 3*q + 0*q + 2 = 0, -q - 34 = -y*c. What is the tens digit of c?
1
Suppose 0 = -0*x + 2*x - 8. Suppose -30 = -x*b - b. Suppose -2*p + 22 = 2*w, -b = -2*w - 4*p + 24. What is the units digit of w?
7
Let r(j) = j**3 + 0 - 4*j**2 + 4 - 2. What is the units digit of r(4)?
2
Let t be (-1)/((0 - 4)/20). Suppose t*i + 4*b = 2*b + 6, 4*b + 10 = i. What is the units digit of i?
2
Suppose 5*k = -4*s + 2070, 4*s = 5 - 25. What is the tens digit of k?
1
Suppose k - 224 = -s, 2*s - 7*k - 448 = -4*k. Suppose 3*u = 2*l + s, u - 296 = -3*u + 2*l. What is the tens digit of ((-1)/2)/((-3)/u)?
1
Let y be 1*3 + 78/(-1). What is the units digit of 4/16 + y/(-4)?
9
Suppose -2*m = m - 405. What is the hundreds digit of m?
1
Suppose 2*r + 10 = 4*f, -2*r + 4*r + 4 = f. Let d(w) = -w**2 + 5*w. Let t be d(5). Let p = t + f. What is the units digit of p?
2
Suppose -l + 75 = 3*n + 2*l, 5*n = -2*l + 128. Let q = n - 20. What is the units digit of q?
6
Suppose f + 4*f - 375 = -j, 3*f = -j + 225. What is the units digit of f?
5
Let g(c) = 3*c**2 - 4*c + 3. Let o be g(2). Suppose -3*u + 23 = -o. What is the tens digit of u?
1
Let r = -47 + 90. What is the tens digit of r?
4
Let i(j) = -j**2 + 3*j. Let m be i(3). Suppose m = 2*g - g - 22. What is the units digit of g?
2
What is the units digit of (-6)/10 + 1465/25?
8
Let z(y) = 14*y**2 + y. What is the tens digit of z(-3)?
2
Suppose 0 = 2*y - 5*i - 26, -i - 13 + 0 = -3*y. Let d = -7 - -11. What is the units digit of d/(-6)*-3 + y?
5
Let g = 3 + -2. Let a be 2/(g/(-6)*-4). Suppose -a*i - 2 + 26 = 0. What is the units digit of i?
8
Let h be 100/(-45) - (-2)/9. What is the units digit of 0 - (-1 - (-24)/h)?
3
Suppose -2*p + 6 + 2 = 4*t, 5*p - t - 53 = 0. Suppose 0 = n - 5*d + 8, 2*d + 0 = p. What is the units digit of n?
7
Suppose 2*k = j - 5, -5*k + 8 = 5*j - 17. Let p(h) = -h**2 + 7*h - 4. Let b be p(j). Let x(l) = l**2 - 7*l + 7. What is the units digit of x(b)?
1
Let i = -32 + 61. Suppose 5 = 2*d - i. What is the tens digit of d?
1
Let a be ((-6)/5)/((-12)/40). Suppose -5*n + 150 = -2*r, 0 = -n + r + a*r + 7. Suppose -3*o + n = -o. What is the units digit of o?
6
What is the tens digit of (8/(-12)*48)/(-1)?
3
Let d(b) = 3*b + 2. Let a be d(3). Let s = a + -7. Suppose 2*n - 9 = -2*n - y, s*n = 3*y + 5. What is the units digit of n?
2
Suppose -5 = -9*f + 4*f. Let l = 21 - f. What is the units digit of l?
0
Let h(p) = -p**3 + 3*p**2 - 3*p + 2. Let s be h(3). Let r = s + 13. Let j(l) = l + 5. What is the tens digit of j(r)?
1
Suppose u = -7*v + 6*v + 87, 2*u - 435 = -5*v. What is the tens digit of v?
8
Let x(m) = -5*m + 5. Let l(h) = 14*h - 15. Let y(t) = -6*l(t) - 17*x(t). What is the units digit of y(0)?
5
Let h = 642 - 361. What is the units digit of h?
1
Let l(m) = m**3 + 8*m**2 + 8*m + 7. What is the units digit of l(-6)?
1
Suppose 0 = -0*a - 2*a + 6. Let n be (-1)/3 - (-1)/3. Suppose n = -a*r + 8 + 28. What is the tens digit of r?
1
Suppose 4 = -4*s, 3*s = k + 7*s + 2. What is the units digit of (8/(-12))/k*-48?
6
Let m = -2 - 0. Let v be m/2*(1 + -3). Suppose -5*s + l = -15, 4*s - 7 - 5 = -v*l. What is the units digit of s?
3
Let g = 220 - -156. Suppose 0 = -c + 5*c + g. What is the units digit of 2/7 - c/14?
7
Let k = -5 + 11. Suppose -u + k = u. Suppose u - 21 = -q. What is the tens digit of q?
1
Suppose h = 7 - 1. Suppose 5*i - 4*b - 20 = b, -3*i = -5*b - h. What is the units digit of i?
7
Let s = 131 + -83. What is the units digit of s?
8
Suppose -f = 4*f - 25. Let d = -5 + 5. Suppose 0 = f*r - 20 - d. What is the units digit of r?
4
Let w = -145 - -388. What is the hundreds digit of w?
2
Let x(p) = -p**3 - 6*p**2 + 6*p - 2. Let v = -6 + 7. Let i = v - 8. What is the units digit of x(i)?
5
What is the units digit of -6*(6/(-8))/((-3)/(-2))?
3
Let d = 26 + -17. What is the units digit of 188/36 + (-2)/d?
5
Let s(k) = 8*k. Let x be s(2). Suppose 5*h + 20 = 0, -3*a - h - 4*h = -x. Suppose 2*i + u - a = 0, 3*i + 2*u + 4 = 21. What is the units digit of i?
7
Let w(b) = -b**2 - 7*b - 6. What is the units digit of w(-4)?
6
What is the tens digit of (-1364)/(-6) + 3/(-9)?
2
Let x(b) = -b**3 + 8*b**2 + 2. Let o be x(8). Suppose -g = o*g - 15. What is the units digit of g?
5
Let s(u) = -2*u**2 - 3*u - 3. Let b be s(-3). Let t = 25 + b. What is the units digit of t?
3
Let m be 15/(-10) + 1/(-2). Let v = m + 4. Suppose -3*d + 8*i - 6 = 4*i, -10 = -v*d - 2*i. What is the units digit of d?
2
Suppose 0 = -2*a - 2*r + 88, 0*a - 5*r = -3*a + 164. What is the units digi